+ 3, -h - 3*r + n = 0. What is the remainder when 32 is divided by h?
10
Suppose -7*k + 9*k = 46. Calculate the remainder when 112 is divided by k.
20
Suppose -4*r + 75 = -w, 2*r - 16 = -w + 23. Let m = -1 - -4. Suppose -5*o + 2 = -f - 2*o, -m*o - 26 = -5*f. What is the remainder when r is divided by f?
5
Suppose 0 = 5*l + 98 + 167. Let d = 12 - l. What is the remainder when d is divided by 17?
14
Suppose -2*f + 11 = -25. Suppose -50 = -4*i - v, 2*i - f = 2*v + v. Suppose 3*b = 2*b + 22. Calculate the remainder when b is divided by i.
10
What is the remainder when (-1164)/(-18)*(-6)/(-4) is divided by 7?
6
Let i(m) = 2*m**2 + 2*m + 5. What is the remainder when i(4) is divided by 17?
11
Let q(f) = 2*f + 7. What is the remainder when q(11) is divided by 16?
13
Let p(h) = -h + 5. Let y be p(9). Let t(f) = -13*f - 4. Let m(l) = -l. Let v(q) = -4*m(q) + t(q). What is the remainder when v(y) is divided by 11?
10
Suppose z + 6*z = 399. Calculate the remainder when z is divided by 30.
27
Suppose 0 = 3*a - 2*d - 3 - 21, 0 = -2*a - 4*d. Let u be (-4)/6 + (-115)/(-15). Let n = -3 + u. What is the remainder when a is divided by n?
2
Calculate the remainder when (-1)/((30/174)/(-5)) is divided by 2/(-7) - (-37)/7.
4
Let j(x) = -x**3 - 4*x**2 - 3*x + 4. Let w be (10/(-4))/((-5)/(-10)). Let p(l) = -16*l**3 - l**2. What is the remainder when j(w) is divided by p(-1)?
14
Suppose 79 = 5*z - 6. Let v = -2 - -2. Suppose 2*g - 4*g + 64 = v. Calculate the remainder when g is divided by z.
15
What is the remainder when (-295)/(-11) + 8/44 is divided by 15?
12
Suppose -16 = -3*q - 4*w, 2*q - 3*w = 16 + 6. Suppose 3 = i - q. Let d(j) = -j + 13. What is the remainder when i is divided by d(7)?
5
Let s be (-2 - 1)*80/30. What is the remainder when 15 is divided by 12/(-1)*4/s?
3
Let c = -31 - -66. What is the remainder when c is divided by 12?
11
Suppose 7*x - 2*x - 45 = 0. Suppose -3*z - 151 = -4*s - 0*z, -s + 5*z = -59. What is the remainder when s is divided by x?
7
Suppose -22 = -h - 6. Let g be (6/(-9))/(4/6). What is the remainder when h is divided by (-40)/(-4) + 1/g?
7
What is the remainder when 1/(0 + 5/415) is divided by 28?
27
Let p be ((-9)/(-6))/(2/4). Suppose u - p*u + 20 = 0. What is the remainder when ((-14)/10)/((-2)/u) is divided by 3?
1
What is the remainder when 86 is divided by (-526)/(-18) - (-14)/(-63)?
28
Suppose -3*r + 0*r + 9 = 0. Suppose -4*d - 4*f + 33 = d, -5*f = -r*d + 5. What is the remainder when 9 is divided by d?
4
Let a = 4 + -1. Let g be 1/(-3) + 13/a. Suppose -5 = -2*b + g*q + 11, 4*q = 5*b - 28. Calculate the remainder when b is divided by 2.
0
Let v(s) = s + 2. Let a be (0 + 2)/(-4 - -2). Let d = a - -3. Calculate the remainder when v(d) is divided by 2.
0
Let r(b) = -3*b**3 + 3*b**2 + 3*b - 1. Calculate the remainder when 84 is divided by r(-2).
26
Let u(n) = n**2 + 11*n - 22. Calculate the remainder when u(-16) is divided by 30.
28
Let p = 331 - 321. Let x(n) = -2*n - 6. Calculate the remainder when p is divided by x(-5).
2
Let i = 61 + -42. What is the remainder when 36 is divided by i?
17
Let j(n) = -n**2 + 9*n + 10. Let v(m) = -m**3 + 9*m**2 - 9*m - 7. What is the remainder when v(7) is divided by j(9)?
8
Suppose -4*t + 2*t = -26. What is the remainder when t is divided by 4?
1
Let p = -1 + 58. Suppose -5*u = -2*u - p. What is the remainder when 56 is divided by u?
18
What is the remainder when (-15 + 3)*(-4)/8 is divided by 6?
0
Let x(d) = -2*d**3 + 2*d**2 + d + 13. Calculate the remainder when x(-4) is divided by 57.
55
Let u(i) = 17*i**2 - 2*i + 1. What is the remainder when 59 is divided by u(1)?
11
Let u(b) = -8*b - 1. Calculate the remainder when u(-4) is divided by 17.
14
Suppose -40 = -5*f + 320. Suppose h + f = 5*h. Calculate the remainder when h is divided by (-2 - -1) + (7 - -1).
4
Suppose -6*p + 228 = -2*p. Calculate the remainder when p is divided by 15.
12
Suppose h = -4*n + 60, -h - n + 180 = 2*h. What is the remainder when h is divided by 21?
18
Let q(i) = -11 + 0*i**2 - 9*i - 7*i**2 + i**3 - 2*i**3 + 19*i. What is the remainder when q(-9) is divided by 16?
13
Let t(r) = 10*r - 2*r - 5*r + 3. What is the remainder when 11 is divided by t(1)?
5
Let b be (-70)/(-1 + 3 + -3). What is the remainder when 3*3/18*b is divided by 9?
8
Let s(m) = 1 - 4*m + 4*m - 2*m - 2*m**2 + 6*m**3. What is the remainder when s(2) is divided by 13?
11
Suppose 2*z = -2*b + 4 + 46, 3*z - 65 = -b. Calculate the remainder when z is divided by 6.
2
Let f(n) = -n**2 - 13*n - 2. Calculate the remainder when 26 is divided by f(-12).
6
Suppose 5*i + 20 = 0, -4*i = a - 43 - 8. What is the remainder when a is divided by 35?
32
Let f = 17 - 5. What is the remainder when 37 is divided by f?
1
Let c(b) = -9*b - 1. Let d be c(4). Let x = -21 - d. Calculate the remainder when 62 is divided by x.
14
Let l = -9 - -15. Let j(y) = y**2 - 3*y + 4. What is the remainder when ((-129)/l)/((-3)/6) is divided by j(-3)?
21
Let l(v) = -5*v + 1. Let g(n) = -11*n**3 - 2*n**2 - n. Calculate the remainder when g(-1) is divided by l(-1).
4
Let a(r) be the third derivative of 1/8*r**4 - 1/120*r**6 - 1/60*r**5 + 1/3*r**3 + 0 + 2*r**2 + 0*r. What is the remainder when 32 is divided by a(-3)?
10
Let c = -13 - -24. Suppose g = -3*g + 20. Let h = g + 26. Calculate the remainder when h is divided by c.
9
Let d be -1*(-8)/(-4) - -2. What is the remainder when 61 is divided by (-2 - (-1 - d))*-31?
30
Let a(s) = -s**2 + 10*s + 14. Let d be a(11). Let w(b) = 5*b**2 - 4*b + 1. What is the remainder when w(d) is divided by 12?
10
Calculate the remainder when 136/(-3)*(-2 + 3 + -4) is divided by 47.
42
Let b be (-66)/(-15) + (-2)/5. Suppose -3*s = -b*g + 91, 49 = 3*g + 2*s - 15. Calculate the remainder when g is divided by 12.
10
Let y be (-370)/5 + (-4)/(-2). Let q = y - -189. Let n = q - 78. Calculate the remainder when n is divided by 20.
19
Suppose -4*b + f = 5*f - 48, 4*b = 3*f + 76. Let l be ((-1)/(-2))/((-8)/b). Let r(z) = -3*z + 1. Calculate the remainder when 11 is divided by r(l).
3
Let i(x) = 8 - 4*x - 3*x + x**2 + 11*x. Calculate the remainder when i(-8) is divided by 14.
12
Let n(c) = -7*c - 3. Suppose 12*p = 24*p - 252. Calculate the remainder when p is divided by n(-2).
10
Suppose -m - m + 5*r + 43 = 0, r - 90 = -3*m. What is the remainder when m is divided by 16?
13
Suppose 3*n - 6 = -f - 1, 2*f - 28 = 3*n. Calculate the remainder when 43 is divided by f.
10
Let d(o) = -o**3 - 13*o**2 + 7. Suppose -4*p - 8 = 44. Calculate the remainder when 26 is divided by d(p).
5
Let r(l) = 2*l**3 - 3*l**2 - l. Let b be r(3). What is the remainder when (-4)/(-1)*222/b is divided by 10?
7
Let u(g) = -g + 2. Let h(d) = d - 6. Let p be h(6). Let v be u(p). Suppose v*k - 29 = 7. Calculate the remainder when 52 is divided by k.
16
Let f(g) = 3*g**2 + 1 - 3*g**2 + g**2. What is the remainder when 3*(-4)/(-6)*14 is divided by f(-3)?
8
Let t(o) = 3*o**2 + 2*o + 1. Let u be t(-1). Suppose 0 = u*x - 56 + 14. Calculate the remainder when 60 is divided by x.
18
Suppose 5*m - 11 = 3*d + 17, 5*d - 20 = 0. What is the remainder when 13 is divided by m?
5
Suppose 4*y + 2 = -3*a + 16, 4*y - 24 = 2*a. What is the remainder when 12 is divided by y?
2
Let b = 21 - 9. Calculate the remainder when 33 is divided by b.
9
Suppose -3*y = 17 + 7. Suppose -k + 28 = 11. Let w = k + y. What is the remainder when w is divided by 3?
0
Let w(j) = j**3 + 7*j**2 + 2*j + 2. Let u(s) = 17*s - 4. Let x be u(3). Let i = x + -33. Calculate the remainder when w(-6) is divided by i.
12
Let t = -4 - -30. What is the remainder when 103 is divided by t?
25
Calculate the remainder when 24*(-5 - -11 - 3) is divided by 29.
14
Let m(z) = z**3 - 8*z**2 + 7*z + 13. Let a(l) = 2*l**3 - 17*l**2 + 15*l + 26. Let h(r) = 3*a(r) - 5*m(r). What is the remainder when 23 is divided by h(10)?
10
Let c(q) = q**3 + 4*q**2 - 6*q + 3. Let g be c(-5). What is the remainder when ((-51)/9)/((-2)/12) is divided by (3*-1)/((-2)/g)?
10
Let o = 39 - 17. Suppose -3*a = -5*a - o. What is the remainder when 38 is divided by (a + -2 + 0)/(-1)?
12
Suppose -v = 7*h - 8*h + 6, v - 4 = 0. What is the remainder when 47 is divided by h?
7
Let g = 10 + -3. Let o = g - 4. What is the remainder when 5 is divided by o?
2
Suppose 3*q = -2*q + 75. Suppose t = 